41449?
9
What is the units digit of 665065?
5
What is the units digit of 370182?
2
What is the hundreds digit of 4487031?
0
What is the hundred thousands digit of 862099?
8
What is the units digit of 3217858?
8
What is the tens digit of 1643878?
7
What is the units digit of 4971429?
9
What is the tens digit of 406204?
0
What is the hundreds digit of 255081?
0
What is the hundred thousands digit of 8368121?
3
What is the tens digit of 130905?
0
What is the thousands digit of 570226?
0
What is the thousands digit of 4892685?
2
What is the tens digit of 3235418?
1
What is the millions digit of 7244027?
7
What is the units digit of 13520798?
8
What is the ten thousands digit of 607947?
0
What is the ten thousands digit of 311723?
1
What is the ten thousands digit of 192696?
9
What is the hundreds digit of 3718372?
3
What is the millions digit of 2708079?
2
What is the hundred thousands digit of 262869?
2
What is the thousands digit of 5069261?
9
What is the thousands digit of 3867905?
7
What is the thousands digit of 7258852?
8
What is the tens digit of 18643939?
3
What is the thousands digit of 3656696?
6
What is the units digit of 9163167?
7
What is the ten thousands digit of 1684774?
8
What is the tens digit of 3452730?
3
What is the tens digit of 382168?
6
What is the hundred thousands digit of 218211?
2
What is the hundred thousands digit of 1498289?
4
What is the tens digit of 432641?
4
What is the thousands digit of 2532643?
2
What is the thousands digit of 596101?
6
What is the ten thousands digit of 6207741?
0
What is the units digit of 416898?
8
What is the hundreds digit of 592862?
8
What is the thousands digit of 23666?
3
What is the tens digit of 2732599?
9
What is the thousands digit of 133021?
3
What is the hundreds digit of 6460210?
2
What is the ten thousands digit of 79131?
7
What is the tens digit of 6522333?
3
What is the hundred thousands digit of 2061901?
0
What is the thousands digit of 262620?
2
What is the ten thousands digit of 22244143?
4
What is the units digit of 4298262?
2
What is the thousands digit of 19932786?
2
What is the hundred thousands digit of 920952?
9
What is the thousands digit of 493638?
3
What is the hundreds digit of 4442?
4
What is the tens digit of 36487?
8
What is the units digit of 238377?
7
What is the thousands digit of 200422?
0
What is the ten thousands digit of 38717292?
1
What is the thousands digit of 363954?
3
What is the tens digit of 9068?
6
What is the hundreds digit of 528698?
6
What is the thousands digit of 215805?
5
What is the ten thousands digit of 2181347?
8
What is the tens digit of 574422?
2
What is the ten thousands digit of 977062?
7
What is the ten thousands digit of 15481982?
8
What is the ten thousands digit of 72081?
7
What is the tens digit of 680119?
1
What is the tens digit of 865765?
6
What is the thousands digit of 253565?
3
What is the ten thousands digit of 28472768?
7
What is the tens digit of 4072378?
7
What is the thousands digit of 1764495?
4
What is the units digit of 43935?
5
What is the tens digit of 18136527?
2
What is the tens digit of 22753543?
4
What is the hundred thousands digit of 764617?
7
What is the ten thousands digit of 2981979?
8
What is the units digit of 7737422?
2
What is the hundreds digit of 10801281?
2
What is the units digit of 25663?
3
What is the units digit of 2404192?
2
What is the thousands digit of 693374?
3
What is the millions digit of 1920429?
1
What is the thousands digit of 350130?
0
What is the hundred thousands digit of 255241?
2
What is the ten thousands digit of 5230991?
3
What is the units digit of 439488?
8
What is the hundreds digit of 18156996?
9
What is the millions digit of 1436493?
1
What is the thousands digit of 334190?
4
What is the ten millions digit of 13420412?
1
What is the ten thousands digit of 23160?
2
What is the tens digit of 327791?
9
What is the thousands digit of 34228?
4
What is the ten thousands digit of 1046129?
4
What is the units digit of 21594?
4
What is the tens digit of 86388?
8
What is the hundred thousands digit of 950667?
9
What is the units digit of 31?
1
What is the units digit of 383598?
8
What is the thousands digit of 296191?
6
What is the hundreds digit of 5106?
1
What is the hundreds digit of 430444?
4
What is the ten thousands digit of 1570023?
7
What is the millions digit of 7585580?
7
What is the hundred thousands digit of 665173?
6
What is the hundreds digit of 738736?
7
What is the ten thousands digit of 1447326?
4
What is the hundreds digit of 10166677?
6
What is the thousands digit of 3384618?
4
What is the hundred thousands digit of 14482751?
4
What is the thousands digit of 264596?
4
What is the thousands digit of 206450?
6
What is the hundred thousands digit of 34178116?
1
What is the ten thousands digit of 34866?
3
What is the hundreds digit of 5842690?
6
What is the tens digit of 1113295?
9
What is the hundred thousands digit of 179601?
1
What is the tens digit of 73353?
5
What is the millions digit of 1508127?
1
What is the units digit of 483953?
3
What is the units digit of 234057?
7
What is the tens digit of 7509366?
6
What is the ten thousands digit of 4855994?
5
What is the thousands digit of 37113491?
3
What is the units digit of 227205?
5
What is the hundred thousands digit of 10598605?
5
What is the hundreds digit of 165533?
5
What is the hundred thousands digit of 9529690?
5
What is the hundreds digit of 479268?
2
What is the ten thousands digit of 6439060?
3
What is the thousands digit of 659564?
9
What is the tens digit of 15366602?
0
What is the hundreds digit of 9376456?
4
What is the ten thousands digit of 3518642?
1
What is the millions digit of 20797652?
0
What is the tens digit of 1216207?
0
What is the thousands digit of 391220?
1
What is the units digit of 867052?
2
What is the tens digit of 6380265?
6
What is the tens digit of 461947?
4
What is the hundred thousands digit of 803140?
8
What is the units digit of 16635?
5
What is the units digit of 847994?
4
What is the hundred thousands digit of 186150?
1
What is the hundreds digit of 970711?
7
What is the units digit of 325589?
9
What is the hundred thousands digit of 127956?
1
What is the hundreds digit of 12204?
2
What is the hundred thousands digit of 566383?
5
What is the hundred thousands digit of 424988?
4
What is the ten thousands digit of 552127?
5
What is the units digit of 53641?
1
What is the ten thousands digit of 33562?
3
What is the units digit of 30879?
9
What is the millions digit of 19852581?
9
What is the thousands digit of 200894?
0
What is the ten thousands digit of 6842389?
4
What is the hundred thousands digit of 3419590?
4
What is the units digit of 1529693?
3
What is the ten thousands digit of 8031593?
3
What is the tens digit of 1037680?
8
What is the ten thousands digit of 1841954?
4
What is the hundred thousands digit of 449091?
4
What is the tens digit of 78883?
8
What is the hundred thousands digit of 15742496?
7
What is the millions digit of 1336067?
1
What is the tens digit of 2045849?
4
What is the hundreds digit of 515090?
0
What is the ten thousands digit of 1737343?
3
What is the tens digit of 136735?
3
What is the hundreds digit of 3154497?
4
What is the tens digit of 2854061?
6
What is the hundreds digit of 201159?
1
What is the hundreds digit of 27121427?
4
What is the units digit of 2035213?
3
What is the tens digit of 891553?
5
What is the hundred thousands digit of 11125628?
1
What is the tens digit of 2330827?
2
What is the units digit of 125452?
2
What is the hundred thousands digit of 169118?
1
What is the hundred thousands digit of 2516519?
5
What is the ten thousands digit of 12712194?
1
What is the hundreds digit of 186635?
6
What is the hundred thousands digit of 114577?
1
What is the thousands digit of 2656462?
6
What is the millions digit of 13631525?
3
What is the tens digit of 783216?
1
What is the hundreds digit of 416589?
5
What is the hundreds digit of 897431?
4
What is the units digit of 3979?
9
What is the hundred thousands digit of 5140216?
1
What is the tens digit of 317694?
9
What is the thousands digit of 181005?
1
What is the tens digit of 7317066?
6
What is the ten thousands digit of 215731?
1
What is the units digit of 800562?
2
What is